{"id":837,"date":"2021-01-05T03:17:24","date_gmt":"2021-01-05T03:17:24","guid":{"rendered":"http:\/\/tecnologico.usac.edu.gt\/?page_id=837"},"modified":"2021-01-05T03:17:25","modified_gmt":"2021-01-05T03:17:25","slug":"tecnico-en-mecanica-automotriz","status":"publish","type":"page","link":"https:\/\/tecnologico.usac.edu.gt\/?page_id=837","title":{"rendered":"T\u00e9cnico en Mec\u00e1nica Automotriz"},"content":{"rendered":"\n<figure class=\"wp-block-gallery columns-1 is-cropped wp-block-gallery-1 is-layout-flex wp-block-gallery-is-layout-flex\"><ul class=\"blocks-gallery-grid\"><li class=\"blocks-gallery-item\"><figure><a href=\"http:\/\/tecnologico.usac.edu.gt\/wp-content\/uploads\/2021\/01\/PortaAutomotriz.png\"><img fetchpriority=\"high\" decoding=\"async\" width=\"1024\" height=\"469\" src=\"http:\/\/tecnologico.usac.edu.gt\/wp-content\/uploads\/2021\/01\/PortaAutomotriz-1024x469.png\" alt=\"\" data-id=\"821\" data-full-url=\"http:\/\/tecnologico.usac.edu.gt\/wp-content\/uploads\/2021\/01\/PortaAutomotriz.png\" data-link=\"http:\/\/tecnologico.usac.edu.gt\/?attachment_id=821\" class=\"wp-image-821\" srcset=\"https:\/\/tecnologico.usac.edu.gt\/wp-content\/uploads\/2021\/01\/PortaAutomotriz-1024x469.png 1024w, https:\/\/tecnologico.usac.edu.gt\/wp-content\/uploads\/2021\/01\/PortaAutomotriz-300x138.png 300w, https:\/\/tecnologico.usac.edu.gt\/wp-content\/uploads\/2021\/01\/PortaAutomotriz-768x352.png 768w, https:\/\/tecnologico.usac.edu.gt\/wp-content\/uploads\/2021\/01\/PortaAutomotriz-1536x704.png 1536w, https:\/\/tecnologico.usac.edu.gt\/wp-content\/uploads\/2021\/01\/PortaAutomotriz.png 1802w\" sizes=\"(max-width: 1024px) 100vw, 1024px\" \/><\/a><\/figure><\/li><\/ul><\/figure>\n\n\n\n<div class=\"wp-block-group alignfull\"><div class=\"wp-block-group__inner-container is-layout-flow wp-block-group-is-layout-flow\">\n<div class=\"wp-block-columns is-layout-flex wp-container-core-columns-is-layout-1 wp-block-columns-is-layout-flex\">\n<div class=\"wp-block-column is-layout-flow wp-block-column-is-layout-flow\">\n<h2 class=\"wp-block-heading\">Perfil Profesional<\/h2>\n<\/div>\n\n\n\n<div class=\"wp-block-column is-layout-flow wp-block-column-is-layout-flow\">\n<p>Se desempe\u00f1ar\u00e1 en el dise\u00f1o del mantenimiento de automotores, as\u00ed como en el diagn\u00f3stico, la supervisi\u00f3n, mantenimiento mec\u00e1nico, el\u00e9ctrico y electr\u00f3nico de automotores en general. En cuanto a la investigaci\u00f3n, se orienta a analizar, evaluar y desarrollar fuentes alternas de energ\u00eda en la actividad automotriz, en la protecci\u00f3n del medio ambiente as\u00ed como en el desarrollo de nuevas tecnolog\u00edas. Independientemente, brindar\u00e1 asesor\u00edas en mantenimiento mec\u00e1nico, el\u00e9ctrico o electr\u00f3nico, a trav\u00e9s de una compa\u00f1\u00eda del ramo o en su propia empresa de servicio.<br><\/p>\n<\/div>\n\n\n\n<div class=\"wp-block-column is-layout-flow wp-block-column-is-layout-flow\"><\/div>\n<\/div>\n<\/div><\/div>\n\n\n\n<div class=\"wp-block-columns is-layout-flex wp-container-core-columns-is-layout-2 wp-block-columns-is-layout-flex\">\n<div class=\"wp-block-column is-layout-flow wp-block-column-is-layout-flow\"><\/div>\n\n\n\n<div class=\"wp-block-column is-layout-flow wp-block-column-is-layout-flow\"><\/div>\n\n\n\n<div class=\"wp-block-column is-layout-flow wp-block-column-is-layout-flow\"><\/div>\n<\/div>\n\n\n\n<div class=\"wp-block-group alignfull\"><div class=\"wp-block-group__inner-container is-layout-flow wp-block-group-is-layout-flow\">\n<div class=\"wp-block-media-text alignwide is-stacked-on-mobile is-vertically-aligned-center\" style=\"grid-template-columns:60% auto\"><figure class=\"wp-block-media-text__media\"><img decoding=\"async\" width=\"293\" height=\"600\" src=\"http:\/\/tecnologico.usac.edu.gt\/wp-content\/uploads\/2021\/01\/5.png\" alt=\"\" class=\"wp-image-817 size-full\" srcset=\"https:\/\/tecnologico.usac.edu.gt\/wp-content\/uploads\/2021\/01\/5.png 293w, https:\/\/tecnologico.usac.edu.gt\/wp-content\/uploads\/2021\/01\/5-147x300.png 147w\" sizes=\"(max-width: 293px) 100vw, 293px\" \/><\/figure><div class=\"wp-block-media-text__content\">\n<h2 class=\"wp-block-heading\">PERFIL DE INGRESO<\/h2>\n\n\n\n<p>Los aspirantes a ingresar a la carrera T\u00e9cnico en Mec\u00e1nica Automotriz deber\u00e1n cubrir las siguientes caracter\u00edsticas personales, psicol\u00f3gicas y acad\u00e9micas:<br>\u2022 Tener capacidad creativa y de innovaci\u00f3n.<br>\u2022 Tener gusto y habilidad en la investigaci\u00f3n.<br>\u2022 Habilidad de relacionar la teor\u00eda con la pr\u00e1ctica.<br>\u2022 Capacidad de aprovechar los recursos humanos, materiales y econ\u00f3micos.<br>\u2022 Poseer inter\u00e9s en el \u00e1rea automotriz<br>\u2022 Tener habilidades en el razonamiento y c\u00e1lculo matem\u00e1tico.<br>\u2022 Tener la capacidad de relacionarse y convivir en la sociedad.<br>\u2022 Tener inquietud e inter\u00e9s por el desarrollo de nuevas tecnolog\u00edas.<br>\u2022 Tener ambici\u00f3n por la excelencia y la calidad.<br>\u2022 Contar con estudios del nivel diversificado en el \u00e1rea automotriz, F\u00edsico-Matem\u00e1tico o Ciencias exactas preferiblemente.<br>Los estudiantes interesados en el t\u00e9cnico automotriz, deber\u00e1n haber egresado con una formaci\u00f3n a nivel t\u00e9cnico con el t\u00edtulo de Bachiller, Perito o equivalente. Aunque preferiblemente egresado con alguna especialidad que vaya relacionada con la carrera t\u00e9cnica automotriz, ya que con esto se pretende que el aprendizaje vaya encaminado hacia una especializaci\u00f3n m\u00e1s efectiva por los conocimientos previos adquiridos.<\/p>\n<\/div><\/div>\n\n\n\n<div style=\"height:80px\" aria-hidden=\"true\" class=\"wp-block-spacer\"><\/div>\n\n\n\n<div class=\"wp-block-media-text alignfull is-stacked-on-mobile is-vertically-aligned-center\" style=\"grid-template-columns:60% auto\"><figure class=\"wp-block-media-text__media\"><img decoding=\"async\" width=\"379\" height=\"600\" src=\"http:\/\/tecnologico.usac.edu.gt\/wp-content\/uploads\/2021\/01\/4.png\" alt=\"\" class=\"wp-image-818 size-full\" srcset=\"https:\/\/tecnologico.usac.edu.gt\/wp-content\/uploads\/2021\/01\/4.png 379w, https:\/\/tecnologico.usac.edu.gt\/wp-content\/uploads\/2021\/01\/4-190x300.png 190w\" sizes=\"(max-width: 379px) 100vw, 379px\" \/><\/figure><div class=\"wp-block-media-text__content\">\n<h2 class=\"wp-block-heading\">PERFIL DE EGRESO<\/h2>\n\n\n\n<p>\u2022 El t\u00e9cnico universitario en Mec\u00e1nica Automotriz desarrollar\u00e1 proyectos de dise\u00f1o el\u00e9ctrico, electr\u00f3nico y de mec\u00e1nica automotriz, as\u00ed como brindar diagn\u00f3stico, mantenimiento y reparaci\u00f3n de automotores, al mismo tiempo podr\u00e1 trabajar en agencias automotrices, crear y administrar su propio taller mec\u00e1nico, trabajar en el mantenimiento de flotas de veh\u00edculos automotores grandes, tomando en cuenta los siguientes conocimientos, capacidades, aptitudes, habilidades y actitudes:<br>Perfil profesional:<br>\u2022 Dise\u00f1ar, manejar, revisar, evaluar, modificar, proyectar y crear mecanismos mec\u00e1nicos, el\u00e9ctricos, electr\u00f3nicos y de computaci\u00f3n de automotores en general.<br>\u2022 Colaborar en el mantenimiento y diagn\u00f3stico de automotores.<br>\u2022 Participar en el ensamble de auto partes para su posible fabricaci\u00f3n en la industria automotriz.<br>\u2022 Planear y administrar un taller de servicio propio.<br>\u2022 Desempe\u00f1arse como asistente de servicio en agencias automotrices.<br>\u2022 Comprender y transformar su entorno social, econ\u00f3mico, tecnol\u00f3gico y cultural.<\/p>\n\n\n\n<p>Aptitudes y Habilidades para:<br>\u2022 Comprender y manejar los distintos sistemas automotrices.<br>\u2022 Utilizar en forma creativa los conocimientos necesarios para hacer una necesidad la tecnolog\u00eda automotriz.<br>\u2022 Desarrollar nuevas aplicaciones y mejorar las t\u00e9cnicas en el \u00e1mbito automotriz.<br>\u2022 Analizar y organizar informaci\u00f3n, para ocuparla adecuadamente.<\/p>\n\n\n\n<p>Actitud para:<br>\u2022 Colaborar en el desarrollo del entorno tecnol\u00f3gico y laboral en donde se desenvuelve, mediante los procesos de la tecnolog\u00eda automotriz.<br>\u2022 Ser constante y tenaz en las actividades que emprenda.<br>\u2022 Tener iniciativa y creatividad.<br>\u2022 Tener sensibilidad para atender los problemas prioritarios de la sociedad en cuanto a los procesos de la tecnolog\u00eda.<br>\u2022 Discernir sobre problemas morales y \u00e9ticos.<br>\u2022 Conservaci\u00f3n del medio ambiente b\u00e1sicamente relacionado con el uso de automotores.<br>Capacidad para:<br>\u2022 La toma de decisiones con base en conocimientos s\u00f3lidos actualizados respetando la \u00e9tica profesional.<br>\u2022 Dirigir e integrar grupos de trabajo multidisciplinario, interdisciplinario y transdiciplinario.<br>\u2022 Comprender la realidad tecnol\u00f3gica en la que va a desarrollar su trabajo profesional, consider\u00e1ndolo como el marco propicio para aplicar sus conocimientos.<br>\u2022 Generar un proceso de sistematizaci\u00f3n relacionada con su \u00e1rea af\u00edn.<br>\u2022 Entender que su actividad profesional est\u00e1 dirigida a satisfacer las necesidades de las nuevas tecnolog\u00edas autotr\u00f3nicas.<\/p>\n<\/div><\/div>\n\n\n\n<div style=\"height:80px\" aria-hidden=\"true\" class=\"wp-block-spacer\"><\/div>\n<\/div><\/div>\n\n\n\n<div class=\"wp-block-group alignfull has-background is-layout-flow wp-block-group-is-layout-flow\" style=\"background-color:#f8f7f2\"><div class=\"wp-block-group__inner-container\"><\/div><\/div>\n\n\n\n<div class=\"wp-block-cover alignfull has-background-dim-80 has-background-dim\" style=\"background-image:url(https:\/\/tecnologico.usac.edu.gt\/wp-content\/uploads\/2020\/11\/supscri.jpg);background-color:#181e19;min-height:450px;aspect-ratio:unset;\"><div class=\"wp-block-cover__inner-container is-layout-flow wp-block-cover-is-layout-flow\">\n<h2 class=\"has-text-align-center has-white-color has-text-color wp-block-heading\">Di\u00e1logos educativos<\/h2>\n\n\n\n<p class=\"has-text-align-center\">Te invitamos a ser parte de la comunidad del Tecnol\u00f3gico<\/p>\n\n\n<div class=\"wpforms-container wpforms-block inline-fields\" id=\"wpforms-411\"><form id=\"wpforms-form-411\" class=\"wpforms-validate wpforms-form\" data-formid=\"411\" method=\"post\" enctype=\"multipart\/form-data\" action=\"\/index.php?rest_route=%2Fwp%2Fv2%2Fpages%2F837\" data-token=\"4b38f68dea2684b5fd47bee242f41b9f\" data-token-time=\"1776223872\"><noscript class=\"wpforms-error-noscript\">Por favor, activa JavaScript en tu navegador para completar este formulario.<\/noscript><div class=\"wpforms-field-container\"><div id=\"wpforms-411-field_1-container\" class=\"wpforms-field wpforms-field-email\" data-field-id=\"1\"><label class=\"wpforms-field-label wpforms-label-hide\" for=\"wpforms-411-field_1\">Email <span class=\"wpforms-required-label\">*<\/span><\/label><input type=\"email\" id=\"wpforms-411-field_1\" class=\"wpforms-field-large wpforms-field-required\" name=\"wpforms[fields][1]\" placeholder=\"Email address\" spellcheck=\"false\" required><\/div><\/div><!-- .wpforms-field-container --><div class=\"wpforms-field wpforms-field-hp\"><label for=\"wpforms-411-field-hp\" class=\"wpforms-field-label\">Website<\/label><input type=\"text\" name=\"wpforms[hp]\" id=\"wpforms-411-field-hp\" class=\"wpforms-field-medium\"><\/div><div class=\"wpforms-submit-container\" ><input type=\"hidden\" name=\"wpforms[id]\" value=\"411\"><input type=\"hidden\" name=\"page_title\" value=\"\"><input type=\"hidden\" name=\"page_url\" value=\"https:\/\/tecnologico.usac.edu.gt\/index.php?rest_route=\/wp\/v2\/pages\/837\"><input type=\"hidden\" name=\"url_referer\" value=\"\"><button type=\"submit\" name=\"wpforms[submit]\" id=\"wpforms-submit-411\" class=\"wpforms-submit\" data-alt-text=\"Sending...\" data-submit-text=\"Subscribe\" aria-live=\"assertive\" value=\"wpforms-submit\">Subscribe<\/button><\/div><\/form><\/div>  <!-- .wpforms-container --><\/div><\/div>\n","protected":false},"excerpt":{"rendered":"<p>Perfil Profesional Se desempe\u00f1ar\u00e1 en el dise\u00f1o del mantenimiento de automotores, as\u00ed como en el diagn\u00f3stico, la supervisi\u00f3n, mantenimiento mec\u00e1nico, el\u00e9ctrico y electr\u00f3nico de automotores en general. En cuanto a la investigaci\u00f3n, se orienta a analizar, evaluar y desarrollar fuentes alternas de energ\u00eda en la actividad automotriz, en la protecci\u00f3n del medio ambiente as\u00ed como [&hellip;]<\/p>\n","protected":false},"author":1,"featured_media":0,"parent":0,"menu_order":0,"comment_status":"closed","ping_status":"closed","template":"","meta":{"site-sidebar-layout":"default","site-content-layout":"plain-container","ast-site-content-layout":"","site-content-style":"default","site-sidebar-style":"default","ast-global-header-display":"","ast-banner-title-visibility":"","ast-main-header-display":"","ast-hfb-above-header-display":"","ast-hfb-below-header-display":"","ast-hfb-mobile-header-display":"","site-post-title":"disabled","ast-breadcrumbs-content":"","ast-featured-img":"","footer-sml-layout":"","theme-transparent-header-meta":"enabled","adv-header-id-meta":"","stick-header-meta":"","header-above-stick-meta":"","header-main-stick-meta":"","header-below-stick-meta":"","astra-migrate-meta-layouts":"default","ast-page-background-enabled":"default","ast-page-background-meta":{"desktop":{"background-color":"","background-image":"","background-repeat":"repeat","background-position":"center center","background-size":"auto","background-attachment":"scroll","background-type":"","background-media":"","overlay-type":"","overlay-color":"","overlay-opacity":"","overlay-gradient":""},"tablet":{"background-color":"","background-image":"","background-repeat":"repeat","background-position":"center center","background-size":"auto","background-attachment":"scroll","background-type":"","background-media":"","overlay-type":"","overlay-color":"","overlay-opacity":"","overlay-gradient":""},"mobile":{"background-color":"","background-image":"","background-repeat":"repeat","background-position":"center center","background-size":"auto","background-attachment":"scroll","background-type":"","background-media":"","overlay-type":"","overlay-color":"","overlay-opacity":"","overlay-gradient":""}},"ast-content-background-meta":{"desktop":{"background-color":"var(--ast-global-color-5)","background-image":"","background-repeat":"repeat","background-position":"center center","background-size":"auto","background-attachment":"scroll","background-type":"","background-media":"","overlay-type":"","overlay-color":"","overlay-opacity":"","overlay-gradient":""},"tablet":{"background-color":"var(--ast-global-color-5)","background-image":"","background-repeat":"repeat","background-position":"center center","background-size":"auto","background-attachment":"scroll","background-type":"","background-media":"","overlay-type":"","overlay-color":"","overlay-opacity":"","overlay-gradient":""},"mobile":{"background-color":"var(--ast-global-color-5)","background-image":"","background-repeat":"repeat","background-position":"center center","background-size":"auto","background-attachment":"scroll","background-type":"","background-media":"","overlay-type":"","overlay-color":"","overlay-opacity":"","overlay-gradient":""}},"footnotes":""},"class_list":["post-837","page","type-page","status-publish","hentry"],"_links":{"self":[{"href":"https:\/\/tecnologico.usac.edu.gt\/index.php?rest_route=\/wp\/v2\/pages\/837","targetHints":{"allow":["GET"]}}],"collection":[{"href":"https:\/\/tecnologico.usac.edu.gt\/index.php?rest_route=\/wp\/v2\/pages"}],"about":[{"href":"https:\/\/tecnologico.usac.edu.gt\/index.php?rest_route=\/wp\/v2\/types\/page"}],"author":[{"embeddable":true,"href":"https:\/\/tecnologico.usac.edu.gt\/index.php?rest_route=\/wp\/v2\/users\/1"}],"replies":[{"embeddable":true,"href":"https:\/\/tecnologico.usac.edu.gt\/index.php?rest_route=%2Fwp%2Fv2%2Fcomments&post=837"}],"version-history":[{"count":1,"href":"https:\/\/tecnologico.usac.edu.gt\/index.php?rest_route=\/wp\/v2\/pages\/837\/revisions"}],"predecessor-version":[{"id":838,"href":"https:\/\/tecnologico.usac.edu.gt\/index.php?rest_route=\/wp\/v2\/pages\/837\/revisions\/838"}],"wp:attachment":[{"href":"https:\/\/tecnologico.usac.edu.gt\/index.php?rest_route=%2Fwp%2Fv2%2Fmedia&parent=837"}],"curies":[{"name":"wp","href":"https:\/\/api.w.org\/{rel}","templated":true}]}}