{"id":615,"date":"2020-08-19T07:12:36","date_gmt":"2020-08-19T07:12:36","guid":{"rendered":"http:\/\/tecnologico.usac.edu.gt\/?page_id=615"},"modified":"2021-01-06T16:31:08","modified_gmt":"2021-01-06T16:31:08","slug":"our-farm-2","status":"publish","type":"page","link":"https:\/\/tecnologico.usac.edu.gt\/?page_id=615","title":{"rendered":"POSTGRADOS"},"content":{"rendered":"\n<div class=\"wp-block-cover alignfull has-background-dim-70 has-background-dim\" style=\"background-image:url(https:\/\/tecnologico.usac.edu.gt\/wp-content\/uploads\/2020\/11\/Home_portada-1.png);background-color:#181e19\"><div class=\"wp-block-cover__inner-container is-layout-flow wp-block-cover-is-layout-flow\">\n<div class=\"wp-block-columns are-vertically-aligned-center is-layout-flex wp-container-core-columns-is-layout-1 wp-block-columns-is-layout-flex\">\n<div class=\"wp-block-column is-vertically-aligned-center is-layout-flow wp-block-column-is-layout-flow\">\n<h1 class=\"has-white-color has-text-color wp-block-heading\">Departamento de Postgrados<\/h1>\n<\/div>\n\n\n\n<div class=\"wp-block-column is-vertically-aligned-center is-layout-flow wp-block-column-is-layout-flow\">\n<p class=\"has-white-color has-text-color\">La finalidad de los programas de Postgrado en el ITUGS, es ofrecer a los<br>profesionales la oportunidad de fortalecer su nivel acad\u00e9mico y cient\u00edfico<br>y diversificar sus campos de actividad profesional en el \u00e1mbito de la<br>educaci\u00f3n e investigaci\u00f3n en acompa\u00f1amiento al CIT\/USAC-SUR.<\/p>\n<\/div>\n<\/div>\n<\/div><\/div>\n\n\n\n<div class=\"wp-block-group alignfull has-white-background-color has-background\"><div class=\"wp-block-group__inner-container is-layout-flow wp-block-group-is-layout-flow\">\n<h6 class=\"has-text-align-center wp-block-heading\"><\/h6>\n\n\n\n<h2 class=\"has-text-align-center wp-block-heading\">Nuestros objetivos.<\/h2>\n\n\n\n<div class=\"wp-block-columns alignwide are-vertically-aligned-top is-layout-flex wp-container-core-columns-is-layout-2 wp-block-columns-is-layout-flex\">\n<div class=\"wp-block-column is-vertically-aligned-top is-layout-flow wp-block-column-is-layout-flow\">\n<p><strong>Responder a la problem\u00e1tica de la sociedad guatemalteca mediante el aporte de profesionales en la formaci\u00f3n del nivel de postgrado con excelencia acad\u00e9mica que contribuyan al desarrollo social del pa\u00eds.<\/strong><\/p>\n\n\n\n<p><\/p>\n<\/div>\n\n\n\n<div class=\"wp-block-column is-vertically-aligned-top is-layout-flow wp-block-column-is-layout-flow\">\n<p>Fortalecer y promover el desarrollo de la investigaci\u00f3n tecnol\u00f3gica, cient\u00edfica y profesional; as\u00ed como la producci\u00f3n del conocimiento fortaleciendo las \u00e1reas de Ciencias y Tecnolog\u00eda a trav\u00e9s de cada uno de los programas de postgrado<\/p>\n<\/div>\n\n\n\n<div class=\"wp-block-column is-vertically-aligned-top is-layout-flow wp-block-column-is-layout-flow\">\n<p>Formar profesionales con excelencia acad\u00e9mica y comprensi\u00f3n de la realidad nacional, que con sus conocimientos y habilidades conceptuales, procedimentales y actitudinales contribuyan a elevar las condiciones de vida de la poblaci\u00f3n guatemalteca.<\/p>\n<\/div>\n<\/div>\n\n\n\n<div class=\"wp-block-image\"><figure class=\"aligncenter size-large\"><a href=\"https:\/\/tecnologico.usac.edu.gt\/wp-content\/uploads\/2020\/11\/unir-usac.jpg\"><img fetchpriority=\"high\" decoding=\"async\" width=\"925\" height=\"529\" src=\"https:\/\/tecnologico.usac.edu.gt\/wp-content\/uploads\/2020\/11\/unir-usac.jpg\" alt=\"\" class=\"wp-image-719\" srcset=\"https:\/\/tecnologico.usac.edu.gt\/wp-content\/uploads\/2020\/11\/unir-usac.jpg 925w, https:\/\/tecnologico.usac.edu.gt\/wp-content\/uploads\/2020\/11\/unir-usac-300x172.jpg 300w, https:\/\/tecnologico.usac.edu.gt\/wp-content\/uploads\/2020\/11\/unir-usac-768x439.jpg 768w\" sizes=\"(max-width: 925px) 100vw, 925px\" \/><\/a><figcaption><strong>La Universidad de San Carlos de Guatemala (USAC), la cuarta m\u00e1s antigua de Am\u00e9rica, ha firmado un convenio marco para impulsar la educaci\u00f3n online y facilitar la formaci\u00f3n de sus miles de graduados<\/strong><\/figcaption><\/figure><\/div>\n\n\n\n<p> USAC, es la cuarta m\u00e1s antigua de Am\u00e9rica y la \u00fanica p\u00fablica tan longeva de la regi\u00f3n de Centroam\u00e9rica. Ahora, en pleno siglo XXI, con el auge de Internet, desean seguir mejorando su oferta acad\u00e9mica y formativa, especialmente en lo que se refiere a la modalidad online.<\/p>\n\n\n\n<p>Por ese motivo han firmado un acuerdo marco de colaboraci\u00f3n con UNIR que les permitir\u00e1 fortalecer sus programas estudiantiles y reforzar la metodolog\u00eda educativa a trav\u00e9s de sus plataformas en l\u00ednea. \u00abSer\u00e1 una oportunidad de generar nuevas carreras para un p\u00fablico de no menos de 250.000 alumnos y de proyectarnos a toda la regi\u00f3n, para avanzar y ubicarnos en los mejores puestos\u00bb, ha destacado el rector de la USAC,&nbsp;<strong>Murphy Paiz<\/strong>.<\/p>\n<\/div><\/div>\n\n\n\n<div class=\"wp-block-columns is-layout-flex wp-container-core-columns-is-layout-3 wp-block-columns-is-layout-flex\">\n<div class=\"wp-block-column is-layout-flow wp-block-column-is-layout-flow\" style=\"flex-basis:33.33%\">\n<h2 class=\"wp-block-heading\">Niveles de formacion<\/h2>\n<\/div>\n\n\n\n<div class=\"wp-block-column is-layout-flow wp-block-column-is-layout-flow\" style=\"flex-basis:66.66%\">\n<p>Los estudios de postgrado se realizan de acuerdo a los planes de estudio establecidos por el Instituto Tecnol\u00f3gico Universitario Guatemala Sur, debidamente aprobados por el Consejo Directivo del Sistema de Estudios de Postgrado, como parte de la obligaci\u00f3n Constitucional de Extensi\u00f3n que tiene la Universidad de San Carlos de Guatemala, la creaci\u00f3n y apertura de programas de estudio de postgrado no tendr\u00e1n m\u00e1s limitaciones que las establecidas en el Estatuto de la misma.<\/p>\n\n\n\n<p>Se implementar\u00e1 en el corto, mediano y largo plazo, los niveles de formaci\u00f3n, reconocidos, definidos y autorizados por el Sistema de Estudios de Postgrado de la Universidad de San Carlos de Guatemala, referidos en el Art\u00edculo 5 del Reglamento del Sistema de Estudios de Postgrado.<br>a. Aquellos que conducen a la obtenci\u00f3n de los grados acad\u00e9micos superiores a la licenciatura, Maestr\u00eda y Doctorado;<br>b. Aquellos que impliquen una especialidad sin conducir a la obtenci\u00f3n de un grado acad\u00e9mico; pero que conducen a la obtenci\u00f3n del t\u00edtulo correspondiente.<br>c. Los cursos de especializaci\u00f3n y de actualizaci\u00f3n de conocimientos o estudios especiales, \u00e9stos no conducen a la obtenci\u00f3n de grado acad\u00e9mico, al finalizar se les otorga diploma correspondiente<\/p>\n<\/div>\n<\/div>\n\n\n\n<div class=\"wp-block-columns is-layout-flex wp-container-core-columns-is-layout-4 wp-block-columns-is-layout-flex\">\n<div class=\"wp-block-column is-layout-flow wp-block-column-is-layout-flow\" style=\"flex-basis:33.33%\">\n<h2 class=\"wp-block-heading\">Ense\u00f1anza Aprendizaje<\/h2>\n<\/div>\n\n\n\n<div class=\"wp-block-column is-layout-flow wp-block-column-is-layout-flow\" style=\"flex-basis:66.66%\">\n<p>Los programas de postgrado del Instituto Tecnol\u00f3gico Universitario Guatemala Sur ITUGS, se basar\u00e1n en una metodolog\u00eda docente innovadora, reflexiva, donde se apliquen las t\u00e9cnicas conforme a los objetivos del pensum de estudios de los programas. Con esta metodolog\u00eda se pretende transformar profesionales anal\u00edticos, cr\u00edticos y propositivos que contribuyan con propuestas de soluci\u00f3n en las industrias y empresas de la regi\u00f3n de Escuintla y de Guatemala para lograr el desarrollo. Se utilizar\u00e1 modalidades presenciales, semipresenciales, a distancia y virtuales, siendo esta ultima el aprendizaje electr\u00f3nico basado en un modelo constructivista apoyado en trabajo colaborativo y cooperativo por medio de una plataforma virtual. Hay interacci\u00f3n, sincr\u00f3nica y asincr\u00f3nica, entre compa\u00f1eros y profesores o tutores. Se realizan actividades como lecciones mediadas e interactivas, material multimedia, foros, etc, apoy\u00e1ndose en m\u00e9todos y t\u00e9cnicas novedosas en el campo de la inform\u00e1tica y la comunicaci\u00f3n, como lo establece la Pol\u00edtica de Educaci\u00f3n a Distancia en Entornos Virtuales aprobada por el Consejo Superior Universitario.<br>Los estudios de maestr\u00eda y doctorado deber\u00e1n rendir como resultado inmediato un aporte significativo al conocimiento, a trav\u00e9s de un trabajo de investigaci\u00f3n original y meritorio que realiza el estudiante.<\/p>\n<\/div>\n<\/div>\n\n\n\n<div class=\"wp-block-group alignfull has-background\" style=\"background-color:#f8f7f2\"><div class=\"wp-block-group__inner-container is-layout-flow wp-block-group-is-layout-flow\">\n<div class=\"wp-block-media-text alignwide is-stacked-on-mobile\" style=\"grid-template-columns:25% auto\"><figure class=\"wp-block-media-text__media\"><img decoding=\"async\" width=\"1024\" height=\"1024\" src=\"https:\/\/tecnologico.usac.edu.gt\/wp-content\/uploads\/2020\/11\/requisitos-1024x1024.png\" alt=\"\" class=\"wp-image-718 size-full\" srcset=\"https:\/\/tecnologico.usac.edu.gt\/wp-content\/uploads\/2020\/11\/requisitos-1024x1024.png 1024w, https:\/\/tecnologico.usac.edu.gt\/wp-content\/uploads\/2020\/11\/requisitos-300x300.png 300w, https:\/\/tecnologico.usac.edu.gt\/wp-content\/uploads\/2020\/11\/requisitos-150x150.png 150w, https:\/\/tecnologico.usac.edu.gt\/wp-content\/uploads\/2020\/11\/requisitos-768x768.png 768w, https:\/\/tecnologico.usac.edu.gt\/wp-content\/uploads\/2020\/11\/requisitos.png 1500w\" sizes=\"(max-width: 1024px) 100vw, 1024px\" \/><\/figure><div class=\"wp-block-media-text__content\">\n<h2 class=\"wp-block-heading\">Requisitos para ingresar:<\/h2>\n\n\n\n<p class=\"has-medium-font-size\"><strong>Generales<\/strong><\/p>\n\n\n\n<p>Los aspirantes a iniciar los estudios de postgrado deber\u00e1n presentar en el Departamento de Registro y Estad\u00edstica de la Universidad de San Carlos de Guatemala, los documentos siguientes:<\/p>\n\n\n\n<p>a) Solicitud de ingreso en el formulario proporcionado por la unidad de Registro y Estad\u00edstica.<\/p>\n\n\n\n<p>b) Original y copia fotost\u00e1tica del documento completo que acredite el grado acad\u00e9mico del solicitante.<\/p>\n\n\n\n<p>c) Fotocopia autenticada del documento de identificaci\u00f3n.<\/p>\n\n\n\n<p>d) Dos fotograf\u00edas tama\u00f1o c\u00e9dula.<\/p>\n\n\n\n<p>e) Original y copia fotost\u00e1tica del documento completo que acredite el P\u00e1gina 12 de 22 grado acad\u00e9mico del solicitante<\/p>\n\n\n\n<p>f) Boleta de pago de matr\u00edcula y de los cursos del primer ciclo a recibir en el nivel de estudios respectivo.<\/p>\n\n\n\n<p>g) Solvencia de pagos extendida por el Departamento de Estudios de Postgrado cuando corresponda.<\/p>\n\n\n\n<p>h) Otros que se requieran seg\u00fan el caso.<\/p>\n\n\n\n<p class=\"has-medium-font-size\"><strong>Espec\u00edficos:<\/strong><\/p>\n\n\n\n<p>Los aspirantes a iniciar los estudios de postgrado en el departamento de Estudios de Postgrado del Instituto Tecnol\u00f3gico Universitario Guatemala Sur, deber\u00e1n cumplir con los siguientes requisitos:<\/p>\n\n\n\n<p>a. Inscribirse en el Curso Proped\u00e9utico autorizado en el programa de maestr\u00eda, si este fuera el caso.<\/p>\n\n\n\n<p>b. Llenar la solicitud de ingreso correspondiente adjuntando curr\u00edculo vitae.<\/p>\n\n\n\n<p>c. Suscribir el compromiso de pago con el Departamento de Estudios de Postgrado.<\/p>\n\n\n\n<p class=\"has-medium-font-size\"><strong>Graduados en Universidades Privadas o en el Extranjero<\/strong><\/p>\n\n\n\n<p>Los profesionales graduados en universidades privadas o extranjeras, podr\u00e1n inscribirse en el Departamento de Estudios de Postgrado sin que ello implique reconocimiento de los estudios anteriores a la inscripci\u00f3n.<\/p>\n<\/div><\/div>\n<\/div><\/div>\n\n\n\n<div class=\"wp-block-group alignfull has-white-background-color has-background\"><div class=\"wp-block-group__inner-container is-layout-flow wp-block-group-is-layout-flow\">\n<h2 class=\"has-text-align-center wp-block-heading\">Maestr\u00edas<\/h2>\n\n\n\n<div class=\"wp-block-columns alignwide is-layout-flex wp-container-core-columns-is-layout-5 wp-block-columns-is-layout-flex\">\n<div class=\"wp-block-column is-layout-flow wp-block-column-is-layout-flow\">\n<div class=\"wp-block-image is-style-rounded\"><figure class=\"aligncenter size-large\"><a href=\"https:\/\/tecnologico.usac.edu.gt\/?page_id=848\"><img decoding=\"async\" width=\"400\" height=\"400\" src=\"https:\/\/tecnologico.usac.edu.gt\/wp-content\/uploads\/2020\/11\/BIGDATA.png\" alt=\"\" class=\"wp-image-722\" srcset=\"https:\/\/tecnologico.usac.edu.gt\/wp-content\/uploads\/2020\/11\/BIGDATA.png 400w, https:\/\/tecnologico.usac.edu.gt\/wp-content\/uploads\/2020\/11\/BIGDATA-300x300.png 300w, https:\/\/tecnologico.usac.edu.gt\/wp-content\/uploads\/2020\/11\/BIGDATA-150x150.png 150w\" sizes=\"(max-width: 400px) 100vw, 400px\" \/><\/a><\/figure><\/div>\n\n\n\n<h3 class=\"has-text-align-center wp-block-heading\"><a href=\"https:\/\/tecnologico.usac.edu.gt\/?page_id=848\" data-type=\"URL\" data-id=\"https:\/\/tecnologico.usac.edu.gt\/?page_id=848\">An\u00e1lisis y Visualizaci\u00f3n de datos masivos<\/a><\/h3>\n\n\n\n<p>Captura y almacenamiento de informaci\u00f3n, miner\u00eda de datos para el an\u00e1lisis inteligente y visualizaci\u00f3n de la informaci\u00f3n, Ciencia de Datos y Machine Learning.<\/p>\n<\/div>\n\n\n\n<div class=\"wp-block-column is-layout-flow wp-block-column-is-layout-flow\">\n<div class=\"wp-block-image is-style-rounded\"><figure class=\"aligncenter size-large\"><a href=\"https:\/\/tecnologico.usac.edu.gt\/wp-content\/uploads\/2020\/11\/blanco.png\"><img loading=\"lazy\" decoding=\"async\" width=\"400\" height=\"400\" src=\"https:\/\/tecnologico.usac.edu.gt\/wp-content\/uploads\/2020\/11\/blanco.png\" alt=\"\" class=\"wp-image-720\" srcset=\"https:\/\/tecnologico.usac.edu.gt\/wp-content\/uploads\/2020\/11\/blanco.png 400w, https:\/\/tecnologico.usac.edu.gt\/wp-content\/uploads\/2020\/11\/blanco-300x300.png 300w, https:\/\/tecnologico.usac.edu.gt\/wp-content\/uploads\/2020\/11\/blanco-150x150.png 150w\" sizes=\"(max-width: 400px) 100vw, 400px\" \/><\/a><\/figure><\/div>\n\n\n\n<h3 class=\"has-text-align-center wp-block-heading\">.<\/h3>\n\n\n\n<p class=\"has-text-align-center\">.<\/p>\n<\/div>\n\n\n\n<div class=\"wp-block-column is-layout-flow wp-block-column-is-layout-flow\">\n<div class=\"wp-block-image is-style-rounded\"><figure class=\"aligncenter size-large\"><a href=\"https:\/\/tecnologico.usac.edu.gt\/wp-content\/uploads\/2020\/11\/blanco-1.png\"><img loading=\"lazy\" decoding=\"async\" width=\"400\" height=\"400\" src=\"https:\/\/tecnologico.usac.edu.gt\/wp-content\/uploads\/2020\/11\/blanco-1.png\" alt=\"\" class=\"wp-image-721\" srcset=\"https:\/\/tecnologico.usac.edu.gt\/wp-content\/uploads\/2020\/11\/blanco-1.png 400w, https:\/\/tecnologico.usac.edu.gt\/wp-content\/uploads\/2020\/11\/blanco-1-300x300.png 300w, https:\/\/tecnologico.usac.edu.gt\/wp-content\/uploads\/2020\/11\/blanco-1-150x150.png 150w\" sizes=\"(max-width: 400px) 100vw, 400px\" \/><\/a><\/figure><\/div>\n\n\n\n<h3 class=\"has-text-align-center wp-block-heading\">.<\/h3>\n\n\n\n<p class=\"has-text-align-center\">.<\/p>\n<\/div>\n<\/div>\n\n\n\n<div class=\"wp-block-columns is-layout-flex wp-container-core-columns-is-layout-6 wp-block-columns-is-layout-flex\">\n<div class=\"wp-block-column is-layout-flow wp-block-column-is-layout-flow\">\n<p style=\"font-size:50px\">Procedimiento de Inscripci\u00f3n <\/p>\n\n\n\n<p class=\"has-text-align-center\" style=\"font-size:40px\"><span class=\"has-inline-color has-vivid-cyan-blue-color\">UNIR &#8211; ITUGS<\/span><\/p>\n<\/div>\n\n\n\n<div class=\"wp-block-column is-layout-flow wp-block-column-is-layout-flow\">\n<figure class=\"wp-block-image size-large is-style-default\"><a href=\"http:\/\/tecnologico.usac.edu.gt\/wp-content\/uploads\/2021\/01\/PostGrados-ITUGS-Inscripcion-Maestria.pdf\" target=\"_blank\" rel=\"noopener noreferrer\"><img loading=\"lazy\" decoding=\"async\" width=\"477\" height=\"306\" src=\"https:\/\/tecnologico.usac.edu.gt\/wp-content\/uploads\/2021\/01\/image.png\" alt=\"\" class=\"wp-image-890\" srcset=\"https:\/\/tecnologico.usac.edu.gt\/wp-content\/uploads\/2021\/01\/image.png 477w, https:\/\/tecnologico.usac.edu.gt\/wp-content\/uploads\/2021\/01\/image-300x192.png 300w\" sizes=\"(max-width: 477px) 100vw, 477px\" \/><\/a><\/figure>\n<\/div>\n<\/div>\n<\/div><\/div>\n\n\n\n<div class=\"wp-block-cover alignfull has-background-dim-80 has-background-dim\" style=\"background-image:url(https:\/\/tecnologico.usac.edu.gt\/wp-content\/uploads\/2020\/11\/supscri.jpg);background-color:#181e19;min-height:450px;aspect-ratio:unset;\"><div class=\"wp-block-cover__inner-container is-layout-flow wp-block-cover-is-layout-flow\">\n<h2 class=\"has-text-align-center has-white-color has-text-color wp-block-heading\">Di\u00e1logos educativos<\/h2>\n\n\n\n<p class=\"has-text-align-center\">Te invitamos a ser parte de la comunidad del Tecnol\u00f3gico<\/p>\n\n\n<div class=\"wpforms-container wpforms-block inline-fields\" id=\"wpforms-411\"><form id=\"wpforms-form-411\" class=\"wpforms-validate wpforms-form\" data-formid=\"411\" method=\"post\" enctype=\"multipart\/form-data\" action=\"\/index.php?rest_route=%2Fwp%2Fv2%2Fpages%2F615\" data-token=\"422f2752ac15d1b7634e02f8a9d16721\" data-token-time=\"1775309383\"><noscript class=\"wpforms-error-noscript\">Por favor, activa JavaScript en tu navegador para completar este formulario.<\/noscript><div class=\"wpforms-field-container\"><div id=\"wpforms-411-field_1-container\" class=\"wpforms-field wpforms-field-email\" data-field-id=\"1\"><label class=\"wpforms-field-label wpforms-label-hide\" for=\"wpforms-411-field_1\">Email <span class=\"wpforms-required-label\">*<\/span><\/label><input type=\"email\" id=\"wpforms-411-field_1\" class=\"wpforms-field-large wpforms-field-required\" name=\"wpforms[fields][1]\" placeholder=\"Email address\" spellcheck=\"false\" required><\/div><\/div><!-- .wpforms-field-container --><div class=\"wpforms-field wpforms-field-hp\"><label for=\"wpforms-411-field-hp\" class=\"wpforms-field-label\">Message<\/label><input type=\"text\" name=\"wpforms[hp]\" id=\"wpforms-411-field-hp\" class=\"wpforms-field-medium\"><\/div><div class=\"wpforms-submit-container\" ><input type=\"hidden\" name=\"wpforms[id]\" value=\"411\"><input type=\"hidden\" name=\"page_title\" value=\"\"><input type=\"hidden\" name=\"page_url\" value=\"https:\/\/tecnologico.usac.edu.gt\/index.php?rest_route=\/wp\/v2\/pages\/615\"><input type=\"hidden\" name=\"url_referer\" value=\"\"><button type=\"submit\" name=\"wpforms[submit]\" id=\"wpforms-submit-411\" class=\"wpforms-submit\" data-alt-text=\"Sending...\" data-submit-text=\"Subscribe\" aria-live=\"assertive\" value=\"wpforms-submit\">Subscribe<\/button><\/div><\/form><\/div>  <!-- .wpforms-container --><\/div><\/div>\n","protected":false},"excerpt":{"rendered":"<p>Nuestros objetivos. Responder a la problem\u00e1tica de la sociedad guatemalteca mediante el aporte de profesionales en la formaci\u00f3n del nivel de postgrado con excelencia acad\u00e9mica que contribuyan al desarrollo social del pa\u00eds. Fortalecer y promover el desarrollo de la investigaci\u00f3n tecnol\u00f3gica, cient\u00edfica y profesional; as\u00ed como la producci\u00f3n del conocimiento fortaleciendo las \u00e1reas de Ciencias [&hellip;]<\/p>\n","protected":false},"author":1,"featured_media":0,"parent":0,"menu_order":0,"comment_status":"closed","ping_status":"closed","template":"","meta":{"site-sidebar-layout":"default","site-content-layout":"plain-container","ast-site-content-layout":"","site-content-style":"default","site-sidebar-style":"default","ast-global-header-display":"","ast-banner-title-visibility":"","ast-main-header-display":"","ast-hfb-above-header-display":"","ast-hfb-below-header-display":"","ast-hfb-mobile-header-display":"","site-post-title":"disabled","ast-breadcrumbs-content":"","ast-featured-img":"","footer-sml-layout":"","theme-transparent-header-meta":"enabled","adv-header-id-meta":"","stick-header-meta":"","header-above-stick-meta":"","header-main-stick-meta":"","header-below-stick-meta":"","astra-migrate-meta-layouts":"default","ast-page-background-enabled":"default","ast-page-background-meta":{"desktop":{"background-color":"","background-image":"","background-repeat":"repeat","background-position":"center center","background-size":"auto","background-attachment":"scroll","background-type":"","background-media":"","overlay-type":"","overlay-color":"","overlay-opacity":"","overlay-gradient":""},"tablet":{"background-color":"","background-image":"","background-repeat":"repeat","background-position":"center center","background-size":"auto","background-attachment":"scroll","background-type":"","background-media":"","overlay-type":"","overlay-color":"","overlay-opacity":"","overlay-gradient":""},"mobile":{"background-color":"","background-image":"","background-repeat":"repeat","background-position":"center center","background-size":"auto","background-attachment":"scroll","background-type":"","background-media":"","overlay-type":"","overlay-color":"","overlay-opacity":"","overlay-gradient":""}},"ast-content-background-meta":{"desktop":{"background-color":"var(--ast-global-color-5)","background-image":"","background-repeat":"repeat","background-position":"center center","background-size":"auto","background-attachment":"scroll","background-type":"","background-media":"","overlay-type":"","overlay-color":"","overlay-opacity":"","overlay-gradient":""},"tablet":{"background-color":"var(--ast-global-color-5)","background-image":"","background-repeat":"repeat","background-position":"center center","background-size":"auto","background-attachment":"scroll","background-type":"","background-media":"","overlay-type":"","overlay-color":"","overlay-opacity":"","overlay-gradient":""},"mobile":{"background-color":"var(--ast-global-color-5)","background-image":"","background-repeat":"repeat","background-position":"center center","background-size":"auto","background-attachment":"scroll","background-type":"","background-media":"","overlay-type":"","overlay-color":"","overlay-opacity":"","overlay-gradient":""}},"footnotes":""},"class_list":["post-615","page","type-page","status-publish","hentry"],"_links":{"self":[{"href":"https:\/\/tecnologico.usac.edu.gt\/index.php?rest_route=\/wp\/v2\/pages\/615","targetHints":{"allow":["GET"]}}],"collection":[{"href":"https:\/\/tecnologico.usac.edu.gt\/index.php?rest_route=\/wp\/v2\/pages"}],"about":[{"href":"https:\/\/tecnologico.usac.edu.gt\/index.php?rest_route=\/wp\/v2\/types\/page"}],"author":[{"embeddable":true,"href":"https:\/\/tecnologico.usac.edu.gt\/index.php?rest_route=\/wp\/v2\/users\/1"}],"replies":[{"embeddable":true,"href":"https:\/\/tecnologico.usac.edu.gt\/index.php?rest_route=%2Fwp%2Fv2%2Fcomments&post=615"}],"version-history":[{"count":8,"href":"https:\/\/tecnologico.usac.edu.gt\/index.php?rest_route=\/wp\/v2\/pages\/615\/revisions"}],"predecessor-version":[{"id":896,"href":"https:\/\/tecnologico.usac.edu.gt\/index.php?rest_route=\/wp\/v2\/pages\/615\/revisions\/896"}],"wp:attachment":[{"href":"https:\/\/tecnologico.usac.edu.gt\/index.php?rest_route=%2Fwp%2Fv2%2Fmedia&parent=615"}],"curies":[{"name":"wp","href":"https:\/\/api.w.org\/{rel}","templated":true}]}}